{"id":104,"date":"2025-11-17T13:31:46","date_gmt":"2025-11-17T13:31:46","guid":{"rendered":"https:\/\/teszt.centercall.eu\/?page_id=104"},"modified":"2025-11-19T10:25:48","modified_gmt":"2025-11-19T10:25:48","slug":"tarsashazkezeles-felsofokon","status":"publish","type":"page","link":"https:\/\/centercall.eu\/index.php\/tarsashazkezeles-felsofokon\/","title":{"rendered":"T\u00e1rsash\u00e1zkezel\u00e9s fels\u0151fokon"},"content":{"rendered":"<p>[et_pb_section fb_built=&#8221;1&#8243; fullwidth=&#8221;on&#8221; disabled_on=&#8221;off|off|off&#8221; admin_label=&#8221;Hero&#8221; _builder_version=&#8221;4.16&#8243; background_color=&#8221;#1f1f1f&#8221; parallax=&#8221;on&#8221; custom_padding=&#8221;|||&#8221; transparent_background=&#8221;on&#8221; global_colors_info=&#8221;{}&#8221;][et_pb_fullwidth_header title=&#8221;T\u00e1rsash\u00e1zkezel\u00e9s fels\u0151fokon&#8221; text_orientation=&#8221;center&#8221; background_overlay_color=&#8221;rgba(31,31,31,0.85)&#8221; subhead_font_color=&#8221;#bebebe&#8221; _builder_version=&#8221;4.27.4&#8243; title_font=&#8221;Playfair Display||||&#8221; title_text_color=&#8221;#ffffff&#8221; title_font_size=&#8221;72px&#8221; title_line_height=&#8221;1.3em&#8221; content_font=&#8221;Montserrat||||&#8221; content_text_color=&#8221;#bfbfbf&#8221; content_font_size=&#8221;19px&#8221; content_line_height=&#8221;1.8em&#8221; subhead_font=&#8221;Montserrat||||&#8221; subhead_text_color=&#8221;#bebebe&#8221; subhead_line_height=&#8221;1.8em&#8221; background_color=&#8221;rgba(255, 255, 255, 0)&#8221; background_image=&#8221;https:\/\/centercall.eu\/wp-content\/uploads\/2025\/11\/header.jpg&#8221; parallax=&#8221;on&#8221; parallax_method=&#8221;on&#8221; custom_padding=&#8221;5%||5%|&#8221; animation_style=&#8221;zoom&#8221; animation_duration=&#8221;1500ms&#8221; animation_intensity_zoom=&#8221;4%&#8221; title_line_height_last_edited=&#8221;off|desktop&#8221; global_colors_info=&#8221;{}&#8221; button_one_text_size__hover_enabled=&#8221;off&#8221; button_two_text_size__hover_enabled=&#8221;off&#8221; button_one_text_color__hover_enabled=&#8221;off&#8221; button_two_text_color__hover_enabled=&#8221;off&#8221; button_one_border_width__hover_enabled=&#8221;off&#8221; button_two_border_width__hover_enabled=&#8221;off&#8221; button_one_border_color__hover_enabled=&#8221;off&#8221; button_two_border_color__hover_enabled=&#8221;off&#8221; button_one_border_radius__hover_enabled=&#8221;off&#8221; button_two_border_radius__hover_enabled=&#8221;off&#8221; button_one_letter_spacing__hover_enabled=&#8221;off&#8221; button_two_letter_spacing__hover_enabled=&#8221;off&#8221; button_one_bg_color__hover_enabled=&#8221;off&#8221; button_two_bg_color__hover_enabled=&#8221;off&#8221;]<\/p>\n<p>&nbsp;<\/p>\n<p>&nbsp;<\/p>\n<p>&nbsp;<\/p>\n<p>[\/et_pb_fullwidth_header][\/et_pb_section][et_pb_section fb_built=&#8221;1&#8243; admin_label=&#8221;Contact&#8221; _builder_version=&#8221;4.16&#8243; background_color=&#8221;rgba(0,0,0,0.03)&#8221; background_size=&#8221;initial&#8221; background_position=&#8221;top_left&#8221; custom_padding=&#8221;104px|0px|104px|0px|true|&#8221; collapsed=&#8221;off&#8221; global_colors_info=&#8221;{}&#8221;][et_pb_row _builder_version=&#8221;4.27.4&#8243; background_size=&#8221;initial&#8221; background_position=&#8221;top_left&#8221; background_repeat=&#8221;repeat&#8221; custom_margin=&#8221;|||&#8221; custom_padding=&#8221;|||&#8221; global_colors_info=&#8221;{}&#8221;][et_pb_column type=&#8221;4_4&#8243; _builder_version=&#8221;4.27.4&#8243; _module_preset=&#8221;default&#8221; global_colors_info=&#8221;{}&#8221;][et_pb_text _builder_version=&#8221;4.27.4&#8243; _module_preset=&#8221;default&#8221; global_colors_info=&#8221;{}&#8221;]<\/p>\n<p style=\"text-align: justify;\">C\u00e9g\u00fcnk, a Center Call Kft. t\u00e1rsash\u00e1zak kezel\u00e9s\u00e9vel foglalkozik. V\u00e1llaljuk t\u00e1rsash\u00e1zak k\u00f6z\u00f6s k\u00e9pviselet\u00e9nek ell\u00e1t\u00e1s\u00e1t, p\u00e9nz\u00fcgyi, jogi, \u00e9s m\u0171k\u00f6dtet\u00e9si feladatok \u00fcgyint\u00e9z\u00e9s\u00e9t. A t\u00e1rsash\u00e1z k\u00e9pviselet\u00e9ben els\u0151dleges szempontk\u00e9nt tartjuk szem el\u0151tt a tulajdonosi \u00e9rdekek \u00e9rv\u00e9nyre juttat\u00e1s\u00e1t, a precizit\u00e1st \u00e9s a szak\u00e9rtelmet. Szakk\u00e9pzet munkat\u00e1rsaink t\u00e1rsash\u00e1zkezel\u0151 v\u00e9gzetts\u00e9ggel rendelkeznek.<\/p>\n<p style=\"text-align: justify;\">C\u00e9g\u00fcnk a lehet\u0151 legt\u00f6bb szolg\u00e1ltat\u00e1st ny\u00fajtja a piacon l\u00e9v\u0151 versenyt\u00e1rsakkal szemben.<br \/>A t\u00e1rsash\u00e1z teljes k\u00f6r\u0171 k\u00f6nyvel\u00e9s\u00e9t c\u00e9g\u00fcnk munkat\u00e1rsai v\u00e9gzik a speci\u00e1lis K\u00f6lts\u00e9gsql \u00e9s eH\u00c1Z t\u00e1rsash\u00e1zkezel\u0151 programmal.<br \/>A felmer\u00fcl\u0151 feladatokat a BORDER v\u00e1llalatir\u00e1ny\u00edt\u00e1si rendszer seg\u00edts\u00e9g\u00e9vel dokument\u00e1ljuk.<br \/>10 pontos al\u00e1\u00edr\u00e1si rendszert haszn\u00e1lunk a t\u00e1rsash\u00e1z sz\u00e1ml\u00e1ival kapcsolatban a netbankos rendszerhez. A mindenkori Sz\u00e1mvizsg\u00e1l\u00f3 Bizotts\u00e1g minden tagj\u00e1nak hozz\u00e1f\u00e9r\u00e9s biztos\u00edtunk lek\u00e9rdez\u00e9si joggal a t\u00e1rsash\u00e1z sz\u00e1ml\u00e1ihoz, illetve minden Sz\u00e1mvizsg\u00e1l\u00f3 Bizotts\u00e1gi tag r\u00e9sz\u00e9re 3 pontos al\u00e1\u00edr\u00e1si jog a t\u00e1rsash\u00e1z sz\u00e1ml\u00e1ihoz (A mindenkori k\u00f6z\u00f6s k\u00e9pvisel\u0151 k\u00f6telez\u0151 7 pontos al\u00e1\u00edr\u00e1si joga mellett, teh\u00e1t csak a mindenkori k\u00f6z\u00f6s k\u00e9pvisel\u0151 al\u00e1\u00edr\u00e1s\u00e1val mehetnek el az utal\u00e1sok, k\u00e9t Sz\u00e1mvizsg\u00e1l\u00f3 Bizotts\u00e1gi tag egy\u00fcttesen nem utalhat!). Term\u00e9szetesen a k\u00f6z\u00f6s k\u00e9pvisel\u0151 k\u00e9szp\u00e9nzt sem tud egyed\u00fcl felvenni a t\u00e1rsash\u00e1z sz\u00e1ml\u00e1ir\u00f3l.<\/p>\n<p style=\"text-align: justify;\">A k\u00e9szp\u00e9nzes forgalmat minimaliz\u00e1ljuk. Szinte mindent banki \u00e1tutal\u00e1ssal fizet\u00fcnk ki.<\/p>\n<p style=\"text-align: justify;\">Jelenleg kialak\u00edt\u00e1s alatt van egy olyan \u00fcgyf\u00e9lkapu rendszer, mellyen a t\u00e1rsash\u00e1zi tulajdonosok meg tudj\u00e1k tekinteni a tartoz\u00e1saikat, a hat\u00e1rozatokat, besz\u00e1mol\u00f3kat, bejelenthetik a m\u00e9r\u0151\u00f3ra \u00e1ll\u00e1sokat, illetve \u00edr\u00e1sbeli szavaz\u00e1sra is lehet\u0151s\u00e9g lesz.<\/p>\n<p style=\"text-align: justify;\">\n<p>[\/et_pb_text][\/et_pb_column][\/et_pb_row][\/et_pb_section]<\/p>\n","protected":false},"excerpt":{"rendered":"<p>&nbsp; &nbsp; &nbsp;C\u00e9g\u00fcnk, a Center Call Kft. t\u00e1rsash\u00e1zak kezel\u00e9s\u00e9vel foglalkozik. V\u00e1llaljuk t\u00e1rsash\u00e1zak k\u00f6z\u00f6s k\u00e9pviselet\u00e9nek ell\u00e1t\u00e1s\u00e1t, p\u00e9nz\u00fcgyi, jogi, \u00e9s m\u0171k\u00f6dtet\u00e9si feladatok \u00fcgyint\u00e9z\u00e9s\u00e9t. A t\u00e1rsash\u00e1z k\u00e9pviselet\u00e9ben els\u0151dleges szempontk\u00e9nt tartjuk szem el\u0151tt a tulajdonosi \u00e9rdekek \u00e9rv\u00e9nyre juttat\u00e1s\u00e1t, a precizit\u00e1st \u00e9s a szak\u00e9rtelmet. Szakk\u00e9pzet munkat\u00e1rsaink t\u00e1rsash\u00e1zkezel\u0151 v\u00e9gzetts\u00e9ggel rendelkeznek. C\u00e9g\u00fcnk a lehet\u0151 legt\u00f6bb szolg\u00e1ltat\u00e1st ny\u00fajtja a piacon l\u00e9v\u0151 versenyt\u00e1rsakkal szemben.A [&hellip;]<\/p>\n","protected":false},"author":1,"featured_media":0,"parent":0,"menu_order":0,"comment_status":"closed","ping_status":"closed","template":"","meta":{"_et_pb_use_builder":"on","_et_pb_old_content":"","_et_gb_content_width":"","footnotes":""},"class_list":["post-104","page","type-page","status-publish","hentry"],"_links":{"self":[{"href":"https:\/\/centercall.eu\/index.php\/wp-json\/wp\/v2\/pages\/104","targetHints":{"allow":["GET"]}}],"collection":[{"href":"https:\/\/centercall.eu\/index.php\/wp-json\/wp\/v2\/pages"}],"about":[{"href":"https:\/\/centercall.eu\/index.php\/wp-json\/wp\/v2\/types\/page"}],"author":[{"embeddable":true,"href":"https:\/\/centercall.eu\/index.php\/wp-json\/wp\/v2\/users\/1"}],"replies":[{"embeddable":true,"href":"https:\/\/centercall.eu\/index.php\/wp-json\/wp\/v2\/comments?post=104"}],"version-history":[{"count":5,"href":"https:\/\/centercall.eu\/index.php\/wp-json\/wp\/v2\/pages\/104\/revisions"}],"predecessor-version":[{"id":125,"href":"https:\/\/centercall.eu\/index.php\/wp-json\/wp\/v2\/pages\/104\/revisions\/125"}],"wp:attachment":[{"href":"https:\/\/centercall.eu\/index.php\/wp-json\/wp\/v2\/media?parent=104"}],"curies":[{"name":"wp","href":"https:\/\/api.w.org\/{rel}","templated":true}]}}